z) = -21*z**3 + z**2 + 9*z + 8. Let y be j(-1). Let g(k) = k**3 - 20*k**2 - 21*k + 7. What is g(y)?
7
Suppose 0 = -f + 8*f - 28, -4*o = -f - 48. Let p(w) be the third derivative of w**5/60 - 11*w**4/24 - 17*w**3/6 - 12*w**2. Calculate p(o).
9
Let p(y) = -3*y**2 + 12*y + 11. Let i(r) = -7*r**2 + 25*r + 23. Let z(s) = 4*i(s) - 9*p(s). Suppose -21*n - 15*n + 120 = 336. Give z(n).
5
Let k(t) = -9*t**2 + 47*t + 2. Let w = 8583 + -8578. Give k(w).
12
Let l(p) be the second derivative of p**4/12 + 5*p**3/6 + 3*p**2 + 2*p. Suppose m = u + 4, -m + u = 6*u + 20. Let y be (-33)/6 + m - (-45)/30. What is l(y)?
2
Let o(p) = -p**3 - 8*p**2 + 22*p + 11. Let x = 28921 - 28931. Determine o(x).
-9
Let c(h) = 3*h - 43. Let q be c(15). Let j(w) = -49*w + 15*w + 14*w + 21*w - q. Give j(-12).
-14
Let y(m) = m**3 - 12*m**2 + 16. Let z be 27/((-108)/(-56)) + -2. Determine y(z).
16
Let c(j) = -5*j**2 - 94 + 3*j**2 + 98 - 2*j - j - 5*j. Calculate c(-5).
-6
Let i(a) be the first derivative of a**4/4 - 7*a**3/3 - 9*a**2 - 6*a + 1711. What is i(9)?
-6
Let u be 3/(-4) + (-529)/(-92). Let z(l) = -54*l**2 - l + 51*l**2 - 5 + 2 + u*l. Determine z(2).
-7
Let g = -10291/3 + 3431. Let o(h) be the second derivative of g*h**3 - 15*h - 3*h**2 + 0. Determine o(4).
10
Let d be -3 - (-2 + -6 - -3). Let b(h) = 4*h - 4. Calculate b(d).
4
Let h(s) be the third derivative of s**6/120 + s**5/30 + s**4/12 + s**3/2 + 59*s**2. Let z = -16 - -17. Let w be (z + 0)*(0 - 2). Determine h(w).
-1
Let f = -381 - -396. Let a(t) = -19*t + t + f*t + t. What is a(-2)?
4
Let u(b) be the third derivative of -b**5/60 + 7*b**4/24 + 31*b**3/6 - 140*b**2 + 3*b. Give u(10).
1
Let c(j) = -24*j + 45*j - 3 - 17*j. Let o(i) = -i + 1. Let m(u) = 2*c(u) + 6*o(u). Let s = -8 + 5. What is m(s)?
-6
Let i(p) = 2*p**2 - p. Suppose 3*w + 9 = 0, -w + 357 = -8*q + 4*q. Let b = 91 + q. Let m be (4/(-8))/(b/2). Determine i(m).
3
Let t(o) = -11*o + 7. Let p = 263 - 252. Let q(v) = -20*v + 13. Let r(j) = p*t(j) - 6*q(j). Give r(0).
-1
Let w = 10 - 10. Let u(s) = w + 1 + 8*s + s - s. Let v = -31 + 30. Give u(v).
-7
Let c(u) = -2*u - 2. Let w be ((-5 - 15) + 11)*1. What is c(w)?
16
Let g(f) = -f**2 - 9*f - 9. Let z(t) = t**2 + 10*t + 10. Let c(a) = -4*g(a) - 3*z(a). Determine c(-5).
1
Suppose 8*b = -103 + 39. Let c = -157 + 167. Let f(r) = 4*r + 9 + c*r - 13*r. What is f(b)?
1
Let r(c) = c**3 + 13*c**2 - 1. Let a be 0/(5/((-40)/(-8))). Suppose a = -9*m - 252 + 135. Calculate r(m).
-1
Let v(r) = -38*r**3 - 3*r**2 - 2*r - 1. Let k(a) = 89*a**3 + 7*a**2 + 4*a + 3. Let o(h) = -3*k(h) - 7*v(h). Let b = 7 + -5. Calculate o(b).
-6
Let l be -2 + 2*(4 - (4 - 2)). Let y(n) = n - 90*n**2 - 1 + 89*n**l + 3*n. Determine y(4).
-1
Let m(w) = 2*w**2 - 22*w - 4. Suppose -4*i + 41 = -51*c + 54*c, 5*i - 4*c = 59. Calculate m(i).
-4
Let u(p) = -25*p**3 + 70*p**2 + 33*p + 21. Let r(f) = -9*f**3 + 25*f**2 + 11*f + 7. Let b(y) = 11*r(y) - 4*u(y). Determine b(7).
14
Let j(u) = u**3 - 12*u**2 - 26*u - 25. Suppose 5*q - 56 = -4*q + 5*q. What is j(q)?
3
Let o = -63 - -81. Let j(d) = 66*d - o*d - 50*d - 3. What is j(6)?
-15
Let b = -1 + 3. Suppose -4*a = -5*r + 4, 5*r - b*r - 2*a = 2. Suppose r = 5*y + 18 + 2. Let x(w) = -w**3 - 4*w**2 + 2*w + 6. Determine x(y).
-2
Let u(i) = -i**2 - 6*i - 5. Let x be u(-3). Let z = 64 - 63. Let l(o) = 12*o**2 - 5*o + 1 + z - 4 - 11*o**2. Calculate l(x).
-6
Let i(k) = 4*k**2 + 222*k - 108. Let f be i(-56). Let v(n) = -n**3 + 3*n**2 - 9. What is v(f)?
-25
Let u(b) = -10*b**3 - 5*b**2 - 2*b - 204. Let a(f) = 3*f**3 + 2*f**2 + 58. Let p(n) = -7*a(n) - 2*u(n). Let m be ((-10)/(-4) - 1)*-2. Give p(m).
-19
Let t(w) = -w**2 - 10*w - 11. Let f(i) = -i**2 - 10*i - 11. Let z(s) = -3*f(s) + 2*t(s). Let m = 662 + -670. What is z(m)?
-5
Let i(l) = -6*l + 15. Let k be i(-10). Let h = k - 73. Let q(a) = -a**2 + 0*a**h - 24 + a + 30. Calculate q(0).
6
Let r(a) = a**3 + 6*a**2 + 7*a - 5. Let m = 154 + -155. Let d be (51 + -63)*m/(-3). Determine r(d).
-1
Suppose q = -3*q - 36. Let s(p) = -2014*p**2 + 1030*p**2 - 12*p + 983*p**2 - 3. Give s(q).
24
Let o(p) = -p**2 + 22*p - 19. Let q be ((-1790)/(-1432) - 3*(-21)/4)*1. What is o(q)?
66
Let s(t) = t**2 - 2*t + 1. Let w(l) = -9*l - 60. Let q be w(-7). Give s(q).
4
Let w(c) = -c - 7. Let q(d) = -d**3 - 9*d**2 + 9*d + 13. Let v be q(-10). Let m be (-2)/v + (-4758)/299. Determine w(m).
9
Let i be (18 + 400/(-24))*45/12 + -1. Let s(a) be the third derivative of -1/6*a**3 + 31 - 3/8*a**i + 7/60*a**5 + 2*a**2 + 0*a + 1/120*a**6. Give s(-8).
7
Let n(y) = y**3 - 380*y**2 - 4 + 12*y - 370*y**2 + 764*y**2 - 11. What is n(-13)?
-2
Let r(f) = -1606142*f + 15 + 0 - 14*f**2 + f**3 + 1606165*f. Calculate r(12).
3
Suppose -84 = -2792*p + 2780*p. Let h(w) = 26*w - 192. Give h(p).
-10
Let p(t) = 2*t**2 + 2*t + 3. Let n = -134 + 242. Let r = n - 105. What is p(r)?
27
Let a(k) be the first derivative of k**2/2 + 16*k + 1453. Determine a(6).
22
Let z(y) = -y**3 + 4*y**2 - 9*y + 10. Let b be z(2). Let r(t) = -46*t - 2 + 18*t + 17*t + b - t**2 + 17*t. Let v be 0 - 4/((-4)/5). Determine r(v).
3
Let x(r) = -r**3 - 11*r**2 - 11*r + 3. Let v(j) = 2*j**3 - j**2 - 5*j. Let m be v(-2). Let b be x(m). Let c(l) = -b*l - 5 + 4 + 5 - 3. Give c(1).
-12
Let x(p) = -4*p**3 - 4*p - 4. Let w be x(-1). Let f(j) = 14*j - 46. Let l(i) = -5*i + 16. Let u(q) = w*f(q) + 11*l(q). Give u(8).
0
Let z(r) = r**2 - 3*r - 4. Let i(n) = -n**3 + 18*n**2 - 33*n + 19. Let v = 256 + -240. Let s be i(v). Give z(s).
-4
Let y be -4 - 3/1*16/(-12). Let d(s) be the first derivative of s - 1/2*s**2 - 1. Determine d(y).
1
Let b(w) be the second derivative of 1/6*w**3 + 0 - 14*w - 7*w**2 - 1/60*w**5 + 0*w**4. Let v(j) be the first derivative of b(j). What is v(1)?
0
Let y(g) = -23*g + 10*g + 12*g - 79. Let f be y(-10). Let w = 68 + f. Let r(m) = 3*m - 1. Give r(w).
-4
Let w(t) = 6*t + 0*t**2 - 243 - t**2 + 244. Suppose 4*p = 10 + 14. What is w(p)?
1
Let i(r) = r**3 + 7*r**2 + 7*r + 1. Suppose 3*d - 2 = 7, 0 = -5*p + 5*d - 5. Let w be (6/p - 2)*(-1 - 5). Determine i(w).
-5
Let d(n) = 3*n**3 + 171*n**2 - 8*n - 483. Let h be d(-57). Let j(s) = -s**2 - 33*s - 158. Calculate j(h).
4
Let u(f) be the second derivative of f**4/4 - 8*f**3/3 + 9*f**2 - f + 525. Calculate u(5).
13
Suppose 2*h + 4*d - 5 = -d, 0 = d - 3. Let a(k) = 71*k**3 - 10*k**2 - k + 10. Let o(g) = -124*g**3 + 19*g**2 + 2*g - 19. Let f(x) = 7*a(x) + 4*o(x). Give f(h).
14
Suppose 0 = -5665*b + 6016*b - 3510. Let g(l) be the first derivative of -l**3/3 + 9*l**2/2 + 9*l - 1. Calculate g(b).
-1
Let y(x) be the first derivative of -x**4/4 + 5*x**3/3 - 3*x**2/2 - 10*x - 550. Determine y(6).
-64
Suppose -3*f = -7 + 19. Suppose 0 = -5*v + g + 17, -6*v + 2*v = g - 19. Let p(r) = 1 + 5*r + 3*r**3 - 7*r**2 + 5*r**2 - 4*r**3 - v. Determine p(f).
9
Let t(y) = -y**3 - y**2 - 6. Let u be 5 - 7/(14/8). Let m be ((-4)/(-32)*-4)/(u/(-106)). Let s = m - 53. Calculate t(s).
-6
Let d(h) = 6*h**2 + 5*h + 6 + 6 - 13 - 37*h**3 + 38*h**3. Calculate d(-5).
-1
Let o(c) = -c**3 - c**2 - c. Let y be o(0). Let m(n) be the third derivative of n**6/120 + n**5/60 + n**3/2 + 64435*n**2. Give m(y).
3
Let f(n) = -2*n**2 + 19*n - 9. Suppose -4*w - 4 = -4*x - 0, 5*w = 4*x. Suppose w*m - 135 = -11*m. Calculate f(m).
0
Suppose -5*x = q + 5, 3*q = 3*x - 38 + 5. Let k(b) = b + 13*b - 969 + 969 - 2*b + b**2. Calculate k(q).
-20
Let s(b) = -b**2 - 9*b - 8. Let f be s(-8). Suppose 4 + 4 = -2*a, f = 3*i + 4*a + 7. Let p(m) = m**2 - 4*m - 3. Determine p(i).
-6
Let x(y) = -y**2 + y + 7. Suppose 9*j - 244 - 35 = 0. Let w = -143 + j. Let m = w - -117. What is x(m)?
-13
Let g = 26 - 48. Let r = 10 + g. Let v(u) = -621314070 + 621314074 - u**2 + 13*u + 2*u**2. What is v(r)?
-8
Let n(j) = 32*j - 4. Let i(s) = 3*s + 3. Let x(r) = 10*i(r) - n(r). Determine x(24).
-14
Let a(s) = -3*s**2 - 285 - 142*s**3 + 4*s - 3*s**2 + 292 + 143*s**3. Let k be (-1)/((-2)/6) + -1. Let y be -10*1*(-1)/k. What is a(y)?
2
Let b(s) = -s**2 + 4*s + 12. Let w(d) = d + 5. Let q(j) = j**3 + 6*j**2 - 14*j - 49. Let m be q(-7). Let c be w(m). Calculate b(c).
7
Let l(k) = k**3 - 12*k**2 - 30*k + 9. Let p(z) = z**3 - 9*z**2 - 9*z + 4. Let q be p(10). Let i be l(q). Let x = 23 + i. Let a(j) = 5*j + 2. What is a(x)?
22
Suppose 2 = -3*q - j, -2 = -q - 5*j + 2. Let i(z) = 11*z**2 + z